he thousands digit of 529368824?
8
What is the billions digit of 3165238675?
3
What is the thousands digit of 936398638?
8
What is the tens digit of 340515736?
3
What is the ten millions digit of 1882403944?
8
What is the hundreds digit of 62731126?
1
What is the billions digit of 3077529879?
3
What is the tens digit of 25389188?
8
What is the millions digit of 18263517?
8
What is the ten thousands digit of 168362888?
6
What is the hundreds digit of 268511214?
2
What is the thousands digit of 374369984?
9
What is the ten thousands digit of 49933659?
3
What is the thousands digit of 1551467239?
7
What is the units digit of 3807729435?
5
What is the millions digit of 15265583?
5
What is the millions digit of 65589914?
5
What is the ten millions digit of 439178798?
3
What is the millions digit of 43845205?
3
What is the tens digit of 356054573?
7
What is the hundred thousands digit of 5043613602?
6
What is the ten thousands digit of 3973123351?
2
What is the billions digit of 1938846521?
1
What is the ten millions digit of 122112451?
2
What is the units digit of 228850164?
4
What is the hundreds digit of 27948869?
8
What is the ten millions digit of 792399661?
9
What is the hundreds digit of 7025519775?
7
What is the units digit of 401215847?
7
What is the tens digit of 114577881?
8
What is the tens digit of 156657239?
3
What is the hundreds digit of 412186311?
3
What is the ten millions digit of 47378339?
4
What is the hundreds digit of 3370262378?
3
What is the ten thousands digit of 21597906?
9
What is the units digit of 307605047?
7
What is the ten millions digit of 132730764?
3
What is the billions digit of 3266951693?
3
What is the tens digit of 38779151?
5
What is the ten millions digit of 280545043?
8
What is the ten millions digit of 1257650218?
5
What is the thousands digit of 297436313?
6
What is the billions digit of 2120765294?
2
What is the hundreds digit of 644065132?
1
What is the ten millions digit of 57659649?
5
What is the ten millions digit of 1765262242?
6
What is the units digit of 2737994038?
8
What is the billions digit of 2812627521?
2
What is the ten thousands digit of 19631546?
3
What is the ten thousands digit of 209511636?
1
What is the hundreds digit of 151917823?
8
What is the hundred thousands digit of 3415956?
4
What is the millions digit of 94773148?
4
What is the ten thousands digit of 478596957?
9
What is the hundred thousands digit of 2215247320?
2
What is the ten millions digit of 59922106?
5
What is the millions digit of 294531105?
4
What is the ten thousands digit of 666926658?
2
What is the hundred thousands digit of 5248367?
2
What is the thousands digit of 86755995?
5
What is the millions digit of 362914938?
2
What is the ten millions digit of 1307349352?
0
What is the hundred millions digit of 136086167?
1
What is the thousands digit of 916178226?
8
What is the hundreds digit of 84319057?
0
What is the ten millions digit of 42274844?
4
What is the ten millions digit of 53269745?
5
What is the hundred thousands digit of 37080848?
0
What is the millions digit of 6249492458?
9
What is the units digit of 90474971?
1
What is the hundred thousands digit of 5959265?
9
What is the hundred millions digit of 132311775?
1
What is the ten millions digit of 340164963?
4
What is the millions digit of 31246228?
1
What is the hundreds digit of 44034933?
9
What is the millions digit of 594916367?
4
What is the millions digit of 57684476?
7
What is the tens digit of 124633560?
6
What is the hundred millions digit of 1454662772?
4
What is the thousands digit of 53724683?
4
What is the units digit of 1339868723?
3
What is the ten millions digit of 21663237?
2
What is the units digit of 70645484?
4
What is the hundred thousands digit of 36192383?
1
What is the hundred millions digit of 118291541?
1
What is the hundred millions digit of 183889358?
1
What is the hundreds digit of 1092146535?
5
What is the thousands digit of 2990260319?
0
What is the thousands digit of 129539167?
9
What is the hundred millions digit of 484062528?
4
What is the millions digit of 80247752?
0
What is the hundred millions digit of 4242277581?
2
What is the millions digit of 85085367?
5
What is the thousands digit of 65314295?
4
What is the units digit of 196849764?
4
What is the thousands digit of 190631031?
1
What is the ten thousands digit of 618520484?
2
What is the units digit of 346119811?
1
What is the tens digit of 35475768?
6
What is the hundred millions digit of 859653544?
8
What is the hundred millions digit of 2154356073?
1
What is the ten thousands digit of 596857470?
5
What is the ten thousands digit of 16312747?
1
What is the ten thousands digit of 4577945676?
4
What is the ten millions digit of 2505018141?
0
What is the hundreds digit of 1517781288?
2
What is the ten thousands digit of 1732960394?
6
What is the hundred millions digit of 2515833026?
5
What is the ten millions digit of 29401181?
2
What is the hundred thousands digit of 1428174602?
1
What is the thousands digit of 1210580161?
0
What is the millions digit of 376745334?
6
What is the ten millions digit of 5898566860?
9
What is the thousands digit of 92130359?
0
What is the hundred thousands digit of 13399964?
3
What is the millions digit of 1997374664?
7
What is the ten millions digit of 795499049?
9
What is the ten thousands digit of 7270361?
7
What is the hundreds digit of 1095604497?
4
What is the hundred thousands digit of 133965420?
9
What is the tens digit of 53040520?
2
What is the tens digit of 347603919?
1
What is the hundred thousands digit of 208420131?
4
What is the hundred millions digit of 4113591569?
1
What is the tens digit of 90709685?
8
What is the units digit of 2368399078?
8
What is the units digit of 438035807?
7
What is the thousands digit of 973511126?
1
What is the hundred millions digit of 153116589?
1
What is the millions digit of 2170923894?
0
What is the tens digit of 8368118?
1
What is the hundred thousands digit of 292469631?
4
What is the hundred millions digit of 648719557?
6
What is the ten thousands digit of 73046765?
4
What is the ten thousands digit of 19287619?
8
What is the millions digit of 506007760?
6
What is the thousands digit of 581678628?
8
What is the hundred thousands digit of 17003337?
0
What is the tens digit of 337224792?
9
What is the millions digit of 1524334042?
4
What is the millions digit of 47483097?
7
What is the hundreds digit of 65145345?
3
What is the tens digit of 2276750216?
1
What is the millions digit of 18562108?
8
What is the ten millions digit of 645167136?
4
What is the units digit of 9802901?
1
What is the hundred millions digit of 134794445?
1
What is the thousands digit of 162548970?
8
What is the hundred millions digit of 528004776?
5
What is the hundreds digit of 607192167?
1
What is the hundred millions digit of 269897410?
2
What is the units digit of 474909820?
0
What is the hundreds digit of 3147081?
0
What is the ten thousands digit of 1814117643?
1
What is the millions digit of 3015863672?
5
What is the units digit of 12054294?
4
What is the hundred millions digit of 525547092?
5
What is the ten millions digit of 36806110?
3
What is the hundreds digit of 13183480?
4
What is the ten millions digit of 87942595?
8
What is the tens digit of 18168213?
1
What is the hundred thousands digit of 1658878150?
8
What is the ten millions digit of 89053730?
8
What is the tens digit of 349838701?
0
What is the hundreds digit of 507778?
7
What is the hundreds digit of 2252878449?
4
What is the units digit of 23112197?
7
What is the hundred thousands digit of 699288056?
2
What is the units digit of 32267321?
1
What is the thousands digit of 95331959?
1
What is the ten millions digit of 636420804?
3
What is the hundred thousands digit of 912381680?
3
What is the units digit of 53338302?
2
What is the hundreds digit of 10741286?
2
What is the billions digit of 1078236503?
1
What is the thousands digit of 3764368?
4
What is the ten millions digit of 58651071?
5
What is the ten thousands digit of 121355156?
5
What is the hundred thousands digit of 560795751?
7
What is the hundred millions digit of 2536489479?
5
What is the millions digit of 58154758?
8
What is the hundred thousands digit of 25277365?
2
What is